hat is the greatest common divisor of k and h?
11
Let c(r) = -56*r + 412. Let q be c(-10). Calculate the highest common factor of 756 and q.
108
Let u(l) = 81*l**3 - 2*l**2 - 4*l + 6. Let t be u(3). Let d be t/63 + (-4)/(-6). Calculate the highest common factor of 7 and d.
7
Let s(w) = -9*w - 11*w + 135 + 0 + 48. Let h be s(7). What is the greatest common factor of 559 and h?
43
Let d(z) = -13*z**3 - 65*z**2 - 9*z + 2. Let j be d(-5). Let k(r) = -3*r**3 - 5*r**2 + 4*r + 5. Let y be k(-5). What is the highest common divisor of y and j?
47
Suppose -88291 = -74*b + 74583. What is the greatest common divisor of b and 31?
31
Let a be 3 - ((-28)/(-16) - (-9)/(-12)). Suppose 0 + 4 = 4*y - 4*x, 0 = -2*y - a*x + 6. Suppose -s + 3*s = 4. What is the highest common divisor of s and y?
2
Let z = 34 + -24. Suppose q - 987 = -t + 4*q, -5*t + 4955 = 5*q. Suppose -4*p = 5*p - t. What is the highest common divisor of p and z?
10
Let g = 734 - 382. Let x(k) = -5*k**3 - k**2 + k - 2. Let b be x(-2). What is the highest common factor of b and g?
32
Let j = 25485 - 25476. Let r(d) = -45*d**3 - d**2 + 3*d + 1. Let g be r(-2). What is the greatest common divisor of j and g?
9
Suppose -6*z - 16 = -16. Suppose 10*m - 59 - 141 = z. Calculate the highest common factor of m and 40.
20
Let q(f) = 139*f**2 + 392*f - 1960. Let b be q(5). Calculate the highest common factor of b and 556.
139
Suppose -1000*c - 7749 = -1041*c. What is the highest common divisor of 1057 and c?
7
Let k be (0 - 15/20) + 38/8. Suppose 4*w = 3*m + 29 - k, -2*m + 50 = 4*w. Calculate the highest common divisor of 16 and w.
2
Suppose -4*s - 8 = 0, 5*s + 8 - 61 = -3*z. Suppose -19*f = 3*f - 132. Let p be -7 + f - -164 - -5. Calculate the greatest common factor of z and p.
21
Suppose 74*o + 59*o - 79 = 54*o. Suppose 3*k + 15 = 228. What is the greatest common divisor of k and o?
1
Let y be (-208)/(-6) - 1/(-3). Let m = -246 - -251. Let o be (764/m)/(4/10) - -3. What is the highest common factor of y and o?
35
Let k = 3504 - 3465. What is the greatest common divisor of 143 and k?
13
Suppose 0 = 2*h - 3*n - 176 - 47, -4*n = -20. Calculate the greatest common factor of 7378 and h.
119
Let d be 39077 - ((-15)/(180/(-48)) + -10). What is the greatest common factor of d and 323?
323
Let h be (-2 + -3 + 2 - 111)/((-122)/366). Calculate the highest common divisor of 969 and h.
57
Suppose 2*j = 3*s - 138, -3*j + 138 = -13*s + 16*s. Suppose s*c = -193 + 515. What is the greatest common divisor of c and 2?
1
Suppose 4*f + 2*a = 5*a + 475, 5*f - 590 = 3*a. Let b(m) = m**2 - 15*m - 278. Let o = 551 - 524. Let l be b(o). Calculate the highest common factor of l and f.
23
Let w(d) = -d**2 - 11*d - 8. Let p be w(-9). Let g be (9/6)/(3/p). Suppose -12 = -6*r + g*r. What is the greatest common factor of r and 6?
6
Let k(u) = 13 + 11 + 7*u + 2*u**2 - 20. Let h be k(-9). Let a = h - 98. What is the greatest common divisor of a and 85?
5
Let x = -38 + 59. Suppose 0 = -1045*r + 1056*r - 1001. Calculate the greatest common divisor of x and r.
7
Let r be (41 + 1 + -3)/(9/51). Calculate the greatest common factor of r and 153.
17
Let q(n) = -n**2 + 9*n - 4. Let i be q(7). Suppose 469 = -i*b + 9. Let g = 49 + b. Calculate the highest common factor of 15 and g.
3
Let f be 3 - 6/(1 - 7). Suppose 0 = -m + 4*p + 4 + 23, f*p = -5*m + 63. Calculate the greatest common factor of m and 9.
3
Let m = 10174 - 10153. Calculate the highest common divisor of 11592 and m.
21
Let o(h) = -h - 12. Let f = 58 + -72. Let b be o(f). Suppose c - 44 = 4*x, 2*c - 3*x - b*x = 97. What is the highest common factor of c and 14?
14
Suppose -3*k - 12*p + 12 = -16*p, 2*p = -2*k + 8. Suppose 2*d - 1482 = -48*y + 46*y, 0 = -5*y + k*d + 3669. Calculate the highest common divisor of 67 and y.
67
Suppose 131*b - 117055 - 7433 = -37*b. Let v = 9 + 30. Calculate the greatest common factor of v and b.
39
Let v = 3360 + -3150. What is the greatest common factor of 45 and v?
15
Let s(x) = 3*x**2 + 26*x - 2. Let m be s(-9). Suppose 2374 = 14*l - 664. Calculate the highest common factor of l and m.
7
Let y = 39 - 39. Suppose y = -7*t + 19*t - 192. What is the highest common factor of 176 and t?
16
Suppose 2*i - 6 = -4*v, 3*i = i + 5*v + 6. Suppose -l = -i - 3. What is the highest common divisor of l and 15?
3
Let g(a) = 693*a + 1393. Let j be g(-2). Calculate the highest common factor of j and 5803.
7
Suppose 2*w - 7*b = 233, -73*w - 178 = -75*w - 4*b. Suppose -2*z + 330 = 3*z. Calculate the greatest common factor of w and z.
33
Let l = 7969 + -7956. Calculate the greatest common divisor of l and 13.
13
Let f = 31 + -28. Suppose 0 = 3*w - 3*b, -3*b = f*w + 2*b. Let h be (-8 + 6)*(w - 6). What is the greatest common divisor of h and 60?
12
Let t = -57 + 307. Suppose -3*h + 2*h - a + 122 = 0, 5*a - t = -2*h. What is the highest common factor of 15 and h?
15
Let i(n) = n**2 - 4*n - 5. Let w = 55 + -59. Let l be i(w). Calculate the greatest common factor of 18 and l.
9
Suppose 19*d = 27 + 429. Let s = d + 42. Calculate the highest common divisor of 22 and s.
22
Suppose 7*c - 8*c + 182 = 2*x, -4*c = -3*x - 783. Let t be -8*12*(-30)/20. What is the highest common divisor of t and c?
48
Let m(h) = 13*h + 9. Let w = 452 - 452. Let r be m(w). What is the highest common divisor of 24 and r?
3
Let h = -169 - -173. Suppose -4*f + g = -36, -h*f + 3*g = -g - 48. What is the greatest common divisor of 32 and f?
8
Let s(b) = -b**3 + 40*b**2 + 10032. Let a be s(0). Calculate the highest common divisor of a and 114.
114
Let t = -150 + 292. Suppose 6*c - t = -16. What is the greatest common factor of c and 63?
21
Suppose -10*q + 0*q = -520. Suppose -130 = 4*w - 6*w + 2*z, -5*w - 3*z = -325. Let i = w + -39. Calculate the greatest common factor of i and q.
26
Let f = -18380 - -18448. What is the greatest common divisor of 16864 and f?
68
Let q = 2017 + -2009. Let t(m) = -2*m**2 - 10*m + 2. Let v be t(-4). Calculate the greatest common factor of v and q.
2
Let r(h) be the first derivative of -7*h**4/4 - 11*h**3/3 - 3*h**2/2 - 4*h + 119. Let z be r(-5). What is the highest common divisor of 13 and z?
13
Suppose 2*u = 1157 - 253. Let v = u + -299. What is the highest common divisor of v and 34?
17
Let h(r) = 218*r - 10. Let c(y) = y**2 + 20*y + 76. Let z be c(-15). Let a be h(z). What is the highest common factor of a and 13?
13
Let f(d) = -105*d. Let m be f(-1). Let x(n) = -20929*n + 21076. Let v be x(1). What is the greatest common divisor of v and m?
21
Suppose p + 2*n - 4060 = 8*n, -p - 4*n + 4060 = 0. What is the greatest common factor of p and 20?
20
Suppose 243*w + 1321 = 280*w - 603. What is the greatest common divisor of w and 3458?
26
Suppose -2*g - 5*u = -931, -10*g = -9*g - 4*u - 433. What is the greatest common divisor of g and 2416?
151
Let f = -1960 + 2500. What is the highest common factor of 240 and f?
60
Let o be 171/(-30)*-6 + -2*5/50. What is the highest common divisor of 1734 and o?
34
Let r(g) = -14*g**2 - 511*g - 24. Let k be r(-27). What is the highest common divisor of k and 29?
29
Let t(p) = p**3 - 79*p**2 - 99*p + 585. Let y be t(81). What is the greatest common divisor of y and 24?
24
Let q be ((-9)/27)/(4/4104*-3). Calculate the highest common factor of 8 and q.
2
Let t be 58 + (6 - -16*4/(-8)). Suppose -18*p - t = -32*p. What is the greatest common factor of 32 and p?
4
Let x = -66 + 179. Let d = x + -103. Suppose 2*n - d = 22. Calculate the highest common factor of n and 48.
16
Suppose 0 = -10*n + 608 - 1169 + 591. Let r = 25 - 56. Let p = r + 43. What is the highest common factor of n and p?
3
Let s be (12096/(-81))/(1/(-54)*3). What is the highest common divisor of s and 192?
192
Let q be 2388/(-16)*(-4)/(-6)*-10. What is the highest common divisor of q and 35?
5
Suppose -3*q + 5 = 2*f, 5*f - 2*q - 449 = -408. Calculate the highest common factor of f and 1687.
7
Suppose -570 = 659*i - 664*i. Suppose -i = -12*u + 9*u. What is the highest common factor of u and 2?
2
Let c(n) = -12*n**2 + 68*n - 13. Let a be c(5). What is the greatest common factor of 8 and a?
1
Let a = 70 + -34. Suppose 4*g = -66*g + 210. Let o be ((g - 0) + -6)*(11 - 23). Calculate the greatest common factor of o and a.
36
Let h = 555 + -867. Let z = h - -335. What is the highest common fa